c(p) be the third derivative of p**7/5040 + p**6/720 - 13*p**5/60 - 4*p**2. Let f(t) be the third derivative of c(t). Determine f(-8).
-7
Suppose -2*i - 2*i = 3*g - 9, 3*g = i - 6. Suppose 0 = -3*m - h + 3, -3*m + 2*h + 3 = -0*h. Let d(c) = m - i*c + c + 3*c. Give d(-7).
-6
Let r be (20/700)/(4/7). Let n(v) be the second derivative of 0 + 1/6*v**3 + 1/2*v**2 - 1/12*v**4 + v - r*v**5. Give n(2).
-9
Let l(r) = r**3 - r**2 - 21. Let v = 67 - 75. Let t be (2/8 + 2/v)/(-2). Calculate l(t).
-21
Let p(g) = 2*g**2 - 13*g + 10. Let s be p(5). Let z(h) = h**3 + 5*h**2 - 5*h. Determine z(s).
25
Let s(c) = 2 + 5*c**2 - 6*c**2 + 1. Let n = -24 + 21. Calculate s(n).
-6
Suppose 0 = y - 3*s, -3 - 5 = -2*y - 2*s. Let z be 1/(6/8)*y. Suppose 28 = 8*n - z*n. Let p(g) = g**2 - 8*g + 4. Determine p(n).
-3
Let k(u) = -u**2 - 13*u - 42. Let y be k(-4). Let q(p) = 6*p + 4. What is q(y)?
-32
Let l(s) = -s**3 + 15*s**2 + 3*s - 39. Let p be l(15). Let v(b) = -b + 2. Determine v(p).
-4
Let a(u) = -5*u - 20. Let g be a(-10). Suppose -i + 6*i - g = -5*x, 2*i = 5*x - 44. Let s = x - -1. Let b(y) = -y**2 + 8*y + 4. Determine b(s).
-5
Suppose -20 = -33*u + 178. Let i(n) = 3*n - 12. What is i(u)?
6
Let f(q) = q**2 - 4. Suppose -2*v - 12 = -5*h, -3*v = 3*h + 5 - 29. Suppose -2*j = 5*s + 20, 4*j + s = -0*s - v. Determine f(j).
-4
Let f(p) = 5*p**3 + 9*p**2 + 8*p - 5. Let l(h) = 3*h**3 + 5*h**2 + 3*h - 2. Let d(g) = -4*f(g) + 7*l(g). Give d(4).
10
Suppose -5*s + 5*g = -35, -20*s - 35 = -25*s - g. Let b(l) = -l + 8. Calculate b(s).
1
Let k(c) = -4*c**3 - 7*c - 1. Let h(a) be the second derivative of a**5/5 + a**3 + a**2/2 + 16*a. Let x(r) = -7*h(r) - 6*k(r). Determine x(-1).
3
Let n(a) be the third derivative of -a**4/24 - a**3/6 + 126*a**2. Determine n(2).
-3
Let k(g) be the second derivative of 0 + 2*g + 5/2*g**2 - 11/6*g**3. Let q(s) = 5*s - 2. Let z(f) = 4*k(f) + 9*q(f). Determine z(5).
7
Suppose -o = y - 6*y - 20, -24 = -3*o + 3*y. Let v(s) be the second derivative of -s**3/3 - 11*s. Determine v(o).
-10
Let x(k) be the first derivative of -k**3/3 - k**2 + 2*k - 104. Calculate x(2).
-6
Suppose 5*r + v - 8 = 4*r, -10 = -2*v. Suppose -30 = 5*d - 5*u, 0*u + 22 = -r*d + 5*u. Let a(f) = 2*f - 2. Determine a(d).
-10
Suppose -q - 3 = -y - 1, 0 = -3*y - q + 10. Let c(p) be the first derivative of p**3/3 - 2*p - 8. What is c(y)?
7
Let l = -50 - -49. Let n be (-2)/(4/30*-1). Let x(f) = 1 + 0*f + 4*f + n*f**2 - 2*f. Calculate x(l).
14
Let k(q) = 8*q + 6*q - 22*q + 14*q. Let l(o) = -5*o. Let g(s) = -3*k(s) - 2*l(s). Give g(-1).
8
Let y(d) = 2*d**2 + 11*d + 2. Suppose 2*x = 46 - 56. Calculate y(x).
-3
Let m(f) = -2*f**2 + f - 2. Let g(t) = 9*t**2 - 4*t + 32. Let h(i) = g(i) + 5*m(i). Calculate h(-4).
2
Let s be (-6)/(-4) - 4/((-40)/(-5)). Let w(p) = 2. Let d(n) = -n**2 + 4*n - 9. Let k(y) = s*d(y) + 5*w(y). Determine k(7).
-20
Let x(o) = 7*o**3 + o. Suppose 68 = 3*r + 71. What is x(r)?
-8
Let f(u) = u. Let a(c) = -9*c + 12. Let n(g) = a(g) + 4*f(g). Determine n(4).
-8
Let t(x) = 4*x - 10 - 3*x + 2 + 7 - 4*x. Calculate t(2).
-7
Let q(g) be the second derivative of g**7/2520 + g**6/144 - g**5/30 - 29*g**4/12 + 9*g. Let z(h) be the third derivative of q(h). Calculate z(-7).
10
Let r be (-1 + 2)/((-1)/3). Let y be 0*(3/2)/r. Let b(p) = 2*p**2 + 2*p + 15. Let f(j) = -3*j**2 - 3*j - 23. Let s(k) = 7*b(k) + 5*f(k). Give s(y).
-10
Let x(m) = 1. Suppose 2*c - 2 = -12. Let a(i) = i**3 + 6*i**2 + 3. Let l(r) = c*x(r) + a(r). Suppose -5*o = 97 - 67. Determine l(o).
-2
Let w(u) = -13*u + 6. Let k = 926 + -920. Determine w(k).
-72
Let a be ((-2)/4)/((-5)/280). Let n = a - 52. Let z = -31 - n. Let c(f) = -f**3 - 7*f**2 - 2. What is c(z)?
-2
Let p(f) = f**3 - 6*f**2 + 6*f - 2. Suppose -2*o + 7 = -0*o + 3*j, 3 = 2*o - j. Suppose -v + 5*y = 1, -y + 19 - o = 4*v. Calculate p(v).
-10
Let q(l) = -2*l - 22. Let b be q(-16). Suppose b*g - 8*g + 6 = 0. Let y(m) = -m**3 - 4*m**2 - 3*m + 1. What is y(g)?
1
Let v(y) = -14*y + 101. Let b be v(7). Let f(t) = -t + 5. Calculate f(b).
2
Let u be 10 + -3*1/1. Let a(x) = x**2 - 8*x + 16. Determine a(u).
9
Let v(s) be the first derivative of 7/2*s**2 + 7/3*s**3 - 7*s + 1/4*s**4 - 10. Determine v(-6).
-13
Let o(u) be the third derivative of -u**4/24 - u**3/2 - 5*u**2. Let q(g) = -g**3 + 6*g**2 - 4*g - 8. Let b be q(5). Give o(b).
0
Let w(g) be the second derivative of -g**5/20 + g**4/2 + g**3/6 - 2*g**2 + 133*g. What is w(6)?
2
Let t(j) be the third derivative of -11*j**6/60 + j**5/30 - j**3/6 + 5*j**2 - 2*j. What is t(1)?
-21
Suppose 2*f + 24 = 4*f. Suppose 3*o + 3*k = -f, 5*k = -3*o - 3 - 9. Let n(g) = -254*g**2 + 13*g - 7*g - g**3 + 251*g**2 + 4. Give n(o).
-4
Let m(a) = 4*a**2 - 2. Let n = -268 + 266. Determine m(n).
14
Let b(p) be the second derivative of p**3/6 - 3*p**2 - 378*p. Give b(-8).
-14
Let y(j) = -35 + 41 - 11*j + j**2 + 4*j. Determine y(5).
-4
Let n(d) = 5 - d - 423*d**2 + 22 + 207*d**2 + 215*d**2. Determine n(0).
27
Let p be 7/7 + (15 - 14). Let t(z) be the third derivative of 0*z**4 - 1/60*z**5 + 0 + 11*z**p + 0*z + 1/6*z**3. Determine t(-3).
-8
Let a(d) = 6*d + 3. Let j(u) = -10*u**3 - u - 2. Let g be j(2). Let b be 20*(0 + g/16). Let k be (-1)/(-3) + b/45. Give a(k).
-9
Let y(n) = -n**3 - 5*n**2 - 2*n + 4. Suppose -4*j - 12 = -5*k + 4*k, 2*k + j = 6. Suppose k*b + 15 + 1 = 0. Calculate y(b).
-4
Let z(i) = -i**3 - 317 + 6*i - 313 - 5*i**2 + 638. Calculate z(-6).
8
Let f(j) = -3*j**2 + 12*j + 20. Let h(g) = -2*g**2 + 8*g + 13. Let y(i) = -5*f(i) + 8*h(i). Suppose 5524 = -22*l + 5634. What is y(l)?
-1
Let f = 19 - 16. Suppose -f*u + 8 = -u. Let y(h) = u - 3*h - 4. What is y(-2)?
6
Suppose 8 = 4*h - 4. Suppose -4*n = n. Let j(s) = -s + 12 - 7 - s**h + 5*s**2 + n*s. What is j(5)?
0
Suppose 140 = -50*s + 22*s. Let z(h) = h - 5*h - 5 + h. Determine z(s).
10
Let i be (2/(-6))/(-1*(-1)/(-6)). Let c(l) = 2*l**2 - 2*l + 2. Calculate c(i).
6
Let b(p) = p**2 + 5*p + 8. Let o(v) = v + 2. Let w(a) = b(a) + 2*o(a). Calculate w(-5).
2
Let j(m) = 3*m**2 - 18*m + 13. Let f be 1/(4 - (-21)/(-5)). Let l(r) = -2*r**2 + 12*r - 9. Let a(g) = f*j(g) - 7*l(g). Give a(6).
-2
Suppose -5 = 2*j - 3*p, -5*p = -j - 7 - 6. Suppose -j*h = -3*h + 4. Suppose 3*y - 10 = h*o + 7, 4*o + 25 = -5*y. Let x(v) = v + 3. Give x(o).
-2
Let o(l) = 4 - 1 - l - 5*l + 3*l. Let t be o(-6). Let j be 98/t - (-4)/(-6). Let x(g) = g + 3. Determine x(j).
7
Let n be 10 - 30/5 - (1 - -1). Suppose 3*k = 3*f - n*f - 7, 0 = -2*f - 5*k - 8. Let z(s) be the second derivative of s**4/12 + s**3/3 - s**2/2 - 3*s. Give z(f).
2
Let w(v) = -20*v - 1. Suppose 0 = s + 5*l + 11, -4*l - 1 = -s + 6. Give w(s).
19
Let y(d) = -1093*d + 1093*d - 2*d**2 - 5*d**3 + 1. Calculate y(1).
-6
Let g(i) be the second derivative of i**5/4 + i**4/12 + i**3/6 - 38*i. What is g(-1)?
-5
Let o(s) be the first derivative of s**4/6 + 2*s**3/3 - 5*s**2/2 + 8. Let y(a) be the second derivative of o(a). Calculate y(-3).
-8
Let f(h) = h - 8. Let u be f(5). Let k(w) = 2*w**3 + 3*w**2 - 4*w. What is k(u)?
-15
Let q(c) = -c**3 - 11*c**2 - 10*c + 12. Let f be (-8 + 4 + 5)/1. Let l = -11 + f. Calculate q(l).
12
Suppose 232*l = 240*l + 24. Let c(d) = 3*d**2 + 7*d - 1. Calculate c(l).
5
Let y(z) = -15*z**2 + z**2 + 13*z**2 - 2 - 8*z. Give y(-6).
10
Let l(z) = -12*z**2 + 2*z. Let y be l(0). Let p(r) = -7*r - 3. Let w(s) = 8*s + 3. Let x(v) = 7*p(v) + 6*w(v). Determine x(y).
-3
Suppose 5*s = -1 + 11. Let u = -166 - -167. Suppose -l + u = s. Let q(t) = 4*t. Calculate q(l).
-4
Suppose -2*n = 0, c + n = 1 + 2. Suppose -z - 3*y = 3, 27 = c*z - 0*z - 3*y. Let r(g) = -z*g - 43 + 2*g**2 + 22 + 23. Determine r(4).
10
Let u = -10 + 12. Let v(a) = 2 - 2*a - u*a - 10 + a. Suppose 5*n + 10 = -2*j - 2*j, -2*n = 4*j - 8. Give v(n).
10
Let h(j) be the third derivative of 1/2*j**3 + 0*j + 24*j**2 + 0 + 1/8*j**4. Calculate h(-4).
-9
Let a be (-7)/(3/(-3) - 0). Let f = 6 - a. Let j(q) = 6*q**3 + q**2 + 2*q + 1. Give j(f).
-6
Let x(w) be the first derivative of -3*w**2/2 + 12*w + 48. Determine x(3).
3
Let f = 18 - 13. Let b(j) be the third derivative of -1/12*j**5 - 5*j**2 + 0*j**4 + 0*j - j**3 + 0 + 1/120*j**6. Calculate b(f).
-6
Let n(o) = o + 11. Let z be 5/(-4 + 6/2). Let f be n(z). Let h(v) = -2*v + v**2 - 8 + v**3 - 4*v**2 - 2*v**2. Give h(f).
16
Let q(y) = 2 - 4 - 10*